(-11). Calculate the highest common divisor of r and 165.
33
Let h be (1 + (832/(-6))/8)*-15. Suppose h = 4*s - 79. Calculate the greatest common factor of s and 9.
9
Let u be 152/30 + 10/(-25) + 22/66. Calculate the highest common factor of u and 5770.
5
Suppose 0*l - 2*l = l. Suppose 8*h - 5*h - 171 = l. Let p = -47 + h. Calculate the greatest common divisor of 5 and p.
5
Let d = -13378 + 14341. What is the greatest common factor of 90 and d?
9
Let o(y) = -2*y + 84. Let u be o(-8). Suppose -476 = -6*j + u. What is the greatest common divisor of j and 48?
48
Suppose -494*q + 490*q + 123 = -5*j, 3*j = 3. What is the greatest common factor of 3824 and q?
16
Let s(d) = -d**2 - 8*d - 5. Let g be s(-7). Let r(x) = -x - 9. Let f be r(11). Let a be (f/(-8))/(-5)*-10. What is the greatest common factor of g and a?
1
Let j be (-6 - -13) + -70*234/(-4). What is the greatest common divisor of 14 and j?
14
Let j = -527 - -526. Let u be (j - -111) + (1 - 6). Calculate the highest common divisor of u and 15.
15
Let w = -79 - -172. Let i(k) = 62*k**2 + 90*k - 3. Let g be i(-3). Let n = g - w. What is the greatest common divisor of 24 and n?
24
Suppose n - 2*y - 336 = -n, -4*y + 168 = n. Suppose -16*z + 4*z + n = 0. Let g = -4 - -6. Calculate the highest common factor of z and g.
2
Let n = -2948 + 2994. Suppose 5*w = k - 1260, 0 = -3*w + k - 2*k - 756. Let x = w + 367. What is the greatest common divisor of n and x?
23
Let a(h) = 16*h - 13. Suppose 14*o - 28 = 10*o. Let m be a(o). Suppose 0 = 5*x - 4*j - 114, 5*j + 35 = 3*x - 36. What is the highest common divisor of x and m?
11
Let s(o) = -4*o + 20. Let j(g) = 3*g - 21. Let u(f) = -5*j(f) - 4*s(f). Let k be u(-23). What is the highest common divisor of k and 40?
2
Let v(i) = -i**2 - 23*i - 9. Let q be v(-4). What is the highest common factor of q and 38793?
67
Suppose 0 = -2*n - 4*r - r + 81, 0 = 5*n - r - 243. Suppose 0 = -0*a + 6*a - n. Let q = -3 + a. What is the greatest common factor of q and 5?
5
Let b be (2/3)/((-6)/(-864)). Suppose 9*n = -19 + 127. What is the greatest common factor of n and b?
12
Let x(v) = v**2 - 21*v - 30. Let s = -11 - -35. Let r be x(s). Calculate the highest common factor of r and 21.
21
Let x = 3084 + -2574. Calculate the highest common factor of x and 15.
15
Suppose 92 = 2*p + 3*q - 7*q, -5*q = -2*p + 97. Calculate the greatest common factor of 2250 and p.
18
Let t(j) = j**3 + 10*j**2 - 2*j - 18. Let i be t(-10). Let p be (-8 + 11)/(i/22). Let g = 35 - p. Calculate the greatest common factor of 2 and g.
2
Suppose 43*d - 714 = -8*d. Calculate the greatest common divisor of 10430 and d.
14
Suppose -11*t + 7840 = 17*t. What is the highest common divisor of t and 2660?
140
Let i(v) = -67*v - 6676. Let l be i(-100). Calculate the highest common factor of l and 264.
24
Let i = 473 + -280. Let c = i - 61. Calculate the highest common divisor of c and 33.
33
Suppose a + 5*y = 232, -20 + 0 = 5*y. Calculate the highest common divisor of 144 and a.
36
Let f(l) = -11*l + 1. Let m be f(-4). Let q(a) = -214*a + 16624. Let v be q(76). What is the highest common factor of v and m?
45
Suppose 164 = -9*v + 1226. Let z(l) = 5*l**2 + 10*l - 20. Let h be z(-9). Calculate the highest common divisor of h and v.
59
Suppose -2*u = -4*p + 2*u, 0 = 3*p - 2*u + 3. Let y be -2 - ((-3)/p + -31)/1. Let v = y - 20. What is the greatest common factor of 12 and v?
4
Let n(y) = -6*y + 23. Let r(g) = -7*g + 23. Let t = -36 - -31. Let m(h) = t*r(h) + 6*n(h). Let a be m(13). Calculate the highest common divisor of a and 25.
5
Let r = 38 + 92. Let g = 274 - r. What is the highest common divisor of g and 18?
18
Let a(h) = 5*h**3 - 34*h**2 + 11*h - 14. Let l be a(7). Suppose 3028 = 54*s + l. What is the highest common factor of s and 24?
6
Suppose 3*r - 3453 = 3*c, -2*c - 3454 = 44*r - 47*r. Calculate the highest common factor of 54 and r.
18
Let u = -9097 + 9799. What is the greatest common factor of 81 and u?
27
Suppose -3*a = -6*a - 6. Let p(v) = 31*v + 9. Let m be p(a). Let i = m + 83. What is the greatest common divisor of i and 6?
6
Suppose -2 = i, -3*d + 3*i + 0*i + 60 = 0. What is the highest common factor of d and 342?
18
Let j(v) = -11*v + 658. Let w be j(17). What is the greatest common factor of w and 3611?
157
Let g = -4878 + 4883. Let v(u) = 20*u + 14. Let a(n) = 13*n + 9. Let p(s) = 8*a(s) - 5*v(s). Let q be p(g). Calculate the highest common divisor of q and 22.
22
Let n(p) = 22 + 222*p**2 - 373*p - 223*p**2 + 394*p. Suppose 81 + 14 = 5*r. Let z be n(r). Calculate the greatest common factor of 30 and z.
30
Suppose 44 = p + 4*u, 0 = 4*p + 14*u - 13*u - 206. Let s(o) = o**2 - o + 72. Let r be s(-23). What is the highest common factor of r and p?
52
Suppose -2*o - 20*k = -23*k - 363, -3*k = 5*o - 981. Calculate the greatest common divisor of 648 and o.
24
Suppose 4920 = 115151*t - 115146*t. Calculate the highest common factor of t and 6068.
164
Suppose -313*v + 15920 - 2884 = -13256. What is the greatest common divisor of v and 98?
14
Suppose 4*s - 14 = -110. Let w be 2*9/s*-96. Suppose m - w = -3*m. What is the greatest common divisor of 90 and m?
18
Let d(n) = 3*n - 11. Let r be d(-4). Let k be (-8)/(-4) + -5 - (r - -5). Let q = -8 - -14. What is the greatest common factor of k and q?
3
Let d(n) = -n**3 + 21*n**2 + 17*n + 14. Let l be d(21). Suppose 14*k - 7 = 13*k. Calculate the greatest common factor of l and k.
7
Let k(t) = 3*t**2 + 2*t + 6. Let j be k(-4). Suppose -1935 = -4*w - c, -3*w - 7*c + 10*c + 1440 = 0. What is the greatest common factor of j and w?
23
Suppose 0 = 11*c - 46 - 9. Suppose 9 = 3*p + u - 6*u, p - c*u = -7. What is the highest common divisor of p and 8?
8
Let w = 32 - 141. Let i = w - -121. Suppose -i*o = -7*o - 300. Calculate the highest common factor of 36 and o.
12
Let p be (-1 + 1)/(-29 + 27). Suppose 4*m = -p*m + 180. What is the greatest common divisor of 105 and m?
15
Suppose -17*x + 71 + 113 + 190 = 0. Let b = -285 + 538. Calculate the highest common divisor of x and b.
11
Suppose -114 = -36*d + 66. Let i be (-2)/(6*d/(-1005)). What is the greatest common factor of 134 and i?
67
Let x(o) = -804*o + 7266. Let w be x(9). What is the highest common divisor of w and 8595?
15
Let g(b) = 7*b - 3. Let v be g(6). Suppose -9*d = -5*d + 28. Let q = 20 + d. What is the greatest common factor of v and q?
13
Let k = 7547 + -7327. What is the highest common divisor of 80 and k?
20
Suppose 2*v - 4*d - 140 = 0, 3*v = 2*d + 123 + 91. Let m be (-3)/4 - 537*(-6)/v. What is the highest common factor of 484 and m?
44
Let q be -11 - -4*123410/56. Calculate the highest common divisor of 852 and q.
284
Let g(h) = 0*h - h + 10*h - 10*h + 48*h**2 - 4. Let l be g(3). What is the greatest common divisor of 17 and l?
17
Let m(b) = -425*b + 899. Let a be m(2). Calculate the highest common divisor of 539 and a.
49
Let f(h) = h**3 - h - 2. Let i be f(2). Let y(v) = 2*v**2 + 55*v - 530. Let q be y(8). Let x = i + q. Calculate the highest common factor of 70 and x.
14
Let n = 270 - 242. Let h be 1/3*45/1. Let f be (h/4)/5 - 4456/(-32). What is the greatest common divisor of n and f?
28
Let v(s) = 11*s**2 - 2*s. Let i be v(-2). Suppose 508*j - 62676 - 2706 - 124910 = -31796. Calculate the highest common divisor of i and j.
24
Let o = 3892 + -3872. What is the greatest common factor of 245 and o?
5
Suppose -24*y + 317 - 29 = 0. Let o(w) = w**3 + 9*w**2 + 7*w + 16. Let p be o(-8). Calculate the highest common divisor of p and y.
12
Let s = 10 + 38. Let r = 58 - s. Suppose u - r - 10 = 0. What is the greatest common divisor of u and 30?
10
Let u = 1521 - 1449. Suppose 108 = 4*q - 0*q. What is the highest common divisor of q and u?
9
Let p = 17712 - 16984. Calculate the greatest common factor of p and 4680.
104
Let z(c) = -4*c**3 - 115*c**2 - 1371*c - 9. Let i be z(-12). What is the highest common factor of 45 and i?
45
Suppose 4*y - 382 = l, 3*y + 2*y - l = 477. Suppose -415 = -4*w - y. Let n be ((-16)/10)/((-2)/w). What is the highest common divisor of 48 and n?
16
Let d be (-11 + -22 - (-2)/(-4))*60/(-3). Calculate the highest common divisor of d and 65.
5
Suppose 0 = -4*f - 12, 2*u - 6*u + 4*f = 12. Let r be 27 - (3*u)/3. Calculate the highest common factor of r and 55.
11
Let n be (-45)/(-6)*12/15